 of h?
4
Suppose -h - 1 = 0, 6*l - 60 = 2*l - 4*h. What is the tens digit of l/20*(-405)/(-6)?
5
What is the units digit of 5 + 8973/(13 + -5 + -7)?
8
Let a = -1313 - -7224. What is the hundreds digit of a?
9
Let l = -11143 - -16083. What is the hundreds digit of l?
9
Suppose -2*n - 181 - 83 = 0. Let y = n + 359. Let v = y - 6. What is the units digit of v?
1
Let k(j) = -j**3 + 21*j**2 - 72*j + 5. Suppose -5*s - 6*y + 10*y + 76 = 0, -2*s = -3*y - 29. What is the tens digit of k(s)?
3
What is the tens digit of (41 + -2)*(-1896)/60*-5?
6
Suppose -3*a + 2*q = -8, 3*a = -2*q + 16 + 12. Let c(p) = 3*p**3 - 3*p**2 - 3*p + 17. What is the units digit of c(a)?
9
Let g be (-1 - (-5 + 4))/(-1). Suppose g*h + 4*h - 5*y = 1247, 0 = -2*h - 4*y + 656. What is the hundreds digit of h?
3
Suppose 0 = -5*u + 3*i + 14, u + i + 4*i = -14. What is the hundreds digit of (u + -7)/((-18)/1320)?
4
Suppose 120 = -44*h + 40*h. Let x = 30 + h. Let f(c) = -c**2 + 7. What is the units digit of f(x)?
7
Let s be (-6)/(-75) + 139026/2175. Let g be 1/(-2)*(2 - 2). Suppose g*r + 3*r + 4*k - 189 = 0, r + k = s. What is the tens digit of r?
6
Suppose 0 = 148*s - 114*s - 238306. What is the hundreds digit of s?
0
Suppose -6*h + 2 = -10. Suppose -5*v - 36 = -h*v. What is the units digit of (-81)/(-6)*(-2)/v*8?
8
Let f(k) = -99*k + 359. What is the hundreds digit of f(-17)?
0
Let m(f) = -95*f + 4. Let a be m(-2). Suppose -a = -l + 3*l. Let z = 294 + l. What is the tens digit of z?
9
Let l(z) be the second derivative of -9*z**5/20 + 7*z**4/12 + 5*z**3/6 + 11*z**2 + 199*z. What is the hundreds digit of l(-5)?
2
Let i(k) = -19514*k**3 + k**2 - 244*k - 245. What is the ten thousands digit of i(-1)?
1
Let w(i) be the third derivative of -i**5/30 - i**4/12 - i**3/3 + 32*i**2. Let n be w(-2). What is the hundreds digit of 777/4 + n/24?
1
Suppose -2*y - 3*j + 74065 = 0, y + 29*j - 25*j = 37040. What is the thousands digit of y?
7
Let s(r) = r**2 - 7*r + 16. Let y be s(5). Let l(g) = 39*g - 100. What is the units digit of l(y)?
4
Let o = 26522 - 18430. What is the hundreds digit of o?
0
Suppose 4*k - 24134 = -a - 4*a, k - 4826 = -a. Suppose 16*c + a = 31*c. What is the tens digit of c?
2
Let k = -15 - -33. Let a(b) = -b**2 + 17*b + 21. Let n be a(k). What is the tens digit of ((4 - 7) + -5)/(n/(-45))?
2
Let k(n) = -3*n + 36*n - 4*n + 128 + 34*n**2 - 28 + n**3 + 5*n. What is the hundreds digit of k(-32)?
0
Let w(b) = -10*b - 110. Let n be w(-32). Suppose -6732 - n = -39*c. What is the hundreds digit of c?
1
Let z(w) = 13*w**2 - 7*w + 10. Let h = 75 - 74. Let k(m) = m - 5. Let r be k(h). What is the units digit of z(r)?
6
Suppose 2*f = -2*s + 6, 4*s - 6 = 2*s + 3*f. Suppose s = -4*l + 223. Suppose 3*d = -5*t + 430, d - 65 = 3*t + l. What is the units digit of d?
5
Let s(d) = -d + 160. Suppose 4*w + 5*m = 47, -m - 4 = 2*w - 35. What is the hundreds digit of s(w)?
1
Suppose 0 = -5*n - 2*k + 3823, -3*n + 1676 + 605 = -2*k. Suppose -x + n = 4*t, -6*x + 4*x + 380 = 2*t. What is the hundreds digit of t?
1
Let z = -502 + 293. Let d = z - -382. What is the hundreds digit of d?
1
Suppose -3*x + 12*j - 21 = 11*j, 5*x = -4*j - 35. What is the tens digit of (476/x)/((-2)/1)?
3
Let o(i) = 359*i - 4. Let c(f) = 57439*f - 639. Let r(s) = -4*c(s) + 639*o(s). What is the tens digit of r(-1)?
5
Let z be (-3)/(3*4/(-156)). Suppose -15 + z = 4*y + 4*o, -4*o + 29 = 5*y. Suppose -y*b + 12*b - 1050 = 0. What is the units digit of b?
0
Let u = 5480 - -7830. What is the tens digit of u?
1
Let i = -154 + 168. What is the units digit of 150/(-42) + 3 - (-1268)/i?
0
Let c(u) = 38*u**3 - 5*u**2 + 17*u - 7. What is the thousands digit of c(9)?
7
Let v(h) = 9*h**3 - 2*h**2 + 8*h - 32. Let r be v(6). Suppose 4*j + 4*m = r, -78*j = -77*j - m - 482. What is the units digit of j?
7
Suppose -60 = -28*v + 52. What is the units digit of 182/(-39)*(-114)/v?
3
Let j(h) = -h. Let p(k) = -7*k + 17. Let r = 20 - 19. Let f(z) = r*p(z) + 6*j(z). What is the units digit of f(-7)?
8
Let g = 1089 + -1089. Let w(m) = m + 9 + 72 + 3 + m**2. What is the tens digit of w(g)?
8
Let j(s) = -19 + 18*s - 2127*s**2 + 2100*s**2 - 91 - s**3. What is the thousands digit of j(-29)?
1
Suppose 42*i + 26*i - 36*i - 81536 = 0. What is the tens digit of i?
4
Let d be (-38)/8*144/9. Let w = d + 339. What is the tens digit of w?
6
Suppose 5*r - 286 - 289 = 0. Let b = r - 107. Suppose 2*s + 2 = 2*z + b, -13 = -3*s + 2*z. What is the units digit of s?
7
Let p be 4 + 324/(-60) + 3/(-5). What is the units digit of (-164176)/(-155) + p/10?
9
Let i = 85 - 100. Let h be (1 + i)*(4/(-14) + 0). Let b(p) = 18*p**2 - 6*p - 8. What is the tens digit of b(h)?
5
Let h(u) = 329*u**2 + 38*u + 61. What is the hundreds digit of h(11)?
2
Let m = -8420 + 16982. Suppose -5*f = 2157 - m. What is the hundreds digit of f?
2
Let x be 2 - -20*(0 - -2). Let t = 44 - x. Suppose 2*y + 2*i - 37 - 71 = 0, 2*i = t*y - 124. What is the units digit of y?
8
Let v(t) = 5078*t**3 - 7*t**2 + 3*t + 3. What is the thousands digit of v(1)?
5
Let p(l) = -153*l + 266. What is the hundreds digit of p(-16)?
7
Let y be 2096/14 + 2/7. Let n = y + -230. Let c = n + 236. What is the units digit of c?
6
Suppose 33177 - 137097 = -15*k. What is the hundreds digit of k?
9
Let h = -1554 - -1620. Suppose 0 = -3*o - 153 + 483. Let y = o - h. What is the units digit of y?
4
Let u(b) = b**2 - 4. Let t = 8 + 15. Suppose w = -4*w + z + t, -z = 3. What is the units digit of u(w)?
2
Suppose 21*a - 540 = 19*a. Let n be a - 9 - (-2)/(-1). Suppose -5*r = -2*w + 144, 2*r - n - 43 = -5*w. What is the units digit of w?
2
Let t = 326 + -2328. Let c = -1078 - t. What is the units digit of c?
4
Suppose 4*f + 6 = -2, -3*y + 3*f - 297 = 0. Let h = -83 - y. What is the units digit of (-6)/h*78/(-1)?
6
Let d be (-3)/(-1) + 7/((-35)/5). What is the hundreds digit of d - ((-102)/(-4) + 0)*-10?
2
Let z = 5296 + -4152. What is the hundreds digit of z?
1
Let o be (76/(-16) - -5)*0. Suppose 2*u - u - 1311 = o. What is the tens digit of u?
1
Suppose 4*h - 65 = -m + 38, h - 28 = 2*m. Suppose -2*w + 0*w - h = 5*q, 0 = 4*q + 5*w + 14. What is the tens digit of -4 + (-2 - q) + 40?
4
Let d(w) = -2*w**2 + 20*w + 20. Let k be d(11). Let m be (12/(-5))/(k - 445/(-225)). What is the tens digit of (2 - 1) + (-1 - -2) + m?
1
Suppose 0 - 48 = 12*s. Let d(j) = 8*j + 16 + 3*j**2 + 2*j + 0*j. What is the tens digit of d(s)?
2
Suppose 3 = 2*q - 11. Suppose -12*t = -q*t. What is the units digit of t + (-4 - (-76 + -2))?
4
Let a(w) = 2*w**2 + 13 - 1 - 6 - 3*w. What is the tens digit of a(-11)?
8
Let x(m) = 69*m + 986. What is the units digit of x(-12)?
8
Let s = -212 - -355. Let o = s - -73. Let n = -124 + o. What is the units digit of n?
2
Suppose -3*x = 9*z - 44217, 4*z - 12548 = 3*x - 56700. What is the tens digit of x?
2
Suppose 0 = -181*z + 175*z + 5664. Suppose 785 + 160 = k - 3*y, k - 2*y - z = 0. What is the tens digit of k?
4
Let h be 1121/3 + (0 - 24/(-18)). What is the units digit of 2/(-4)*6*h/(-45)?
5
Suppose -2*d - d = 4*x + 1267, -4*x - 4 = 0. Let q = -233 - d. What is the tens digit of q?
8
Suppose -5*w = 681 + 789. Let c = 602 + w. What is the units digit of c?
8
What is the hundreds digit of 92*((-2610)/(-36) + -7)?
0
Suppose -3*y + y = -5*x + 397, y - 2*x = -200. What is the hundreds digit of (91/14)/(-13)*y?
1
Suppose -v + b - 7 = 0, 2*b = v + 3*v + 30. What is the units digit of 15 - 20 - 2*v?
1
Let r = 23021 + -2524. What is the hundreds digit of r?
4
Suppose -3*v + 2*z = -2*z - 17795, -2*v + 11868 = 2*z. What is the thousands digit of v?
5
Suppose -4*v = 20, 3*j - 3*v + 3057 = 18051. What is the tens digit of j?
9
Let l(t) = t**3 + t**2 + 6*t - 54. Let u be l(8). Let n = u + 910. What is the thousands digit of n?
1
What is the thousands digit of (-100482)/3*(-33)/198 + 4/6?
5
Suppose -43*v + 34*v + 2340 = 0. Let y = v + 412. What is the tens digit of y?
7
Let o = -1752 - -6008. What is the hundreds digit of o?
2
Let s = 127 - 120. What is the units digit of 12/s + -2 + (-3345)/(-21)?
9
Let i be 24/9 + ((-100)/(-15))/(-10). Let c(p) = 459*p - 6. What is the units digit of c(i)?
2
Let h = -238555 - -334077. What is the thousands digit of h?
5
What is the hundreds digit of (1*(-58)/(-4))/(465/73470)?
2
Let c(n) = n - 2. Let x be c(4).